e the highest common divisor of 340740 and 324.
108
What is the greatest common divisor of 385042 and 39313574?
7858
What is the greatest common divisor of 12274 and 1427014?
646
Calculate the highest common divisor of 1318 and 13168138.
1318
Calculate the highest common factor of 57379080 and 8160.
2040
Calculate the greatest common factor of 30 and 277999485.
15
Calculate the highest common divisor of 24192690 and 20744.
5186
Calculate the greatest common factor of 1358 and 27463998.
194
Calculate the greatest common divisor of 6422 and 36644426.
494
Calculate the greatest common divisor of 1014184 and 153584.
2648
What is the greatest common factor of 258846685 and 157?
157
What is the highest common divisor of 3355212 and 579852?
4956
Calculate the greatest common factor of 5207 and 481381.
41
Calculate the greatest common divisor of 218127 and 5811.
39
What is the highest common divisor of 28401868 and 176?
44
What is the highest common divisor of 6653846 and 5718?
1906
Calculate the greatest common divisor of 856746 and 42174.
198
What is the highest common divisor of 453991283 and 94?
47
What is the greatest common factor of 3141199 and 63023?
3317
What is the highest common factor of 1238897 and 32428?
737
Calculate the highest common divisor of 1012 and 243945889.
253
Calculate the highest common factor of 710506 and 213278.
1262
What is the highest common divisor of 2482 and 797678811?
1241
Calculate the greatest common divisor of 1728 and 1391133888.
576
Calculate the greatest common factor of 5408 and 4247872.
32
What is the greatest common factor of 60 and 54920060?
20
Calculate the highest common divisor of 180 and 5844440.
20
Calculate the highest common factor of 74814 and 57942.
222
Calculate the greatest common divisor of 2024 and 2666755608.
2024
Calculate the greatest common factor of 991532 and 3563.
509
What is the greatest common divisor of 1340 and 15551035?
335
What is the highest common divisor of 73903200 and 1908?
636
Calculate the greatest common divisor of 339 and 2513911.
113
Calculate the greatest common factor of 1702520463 and 21.
21
Calculate the greatest common factor of 322958358 and 281.
281
What is the greatest common factor of 45420 and 92820?
60
What is the greatest common factor of 969306 and 1609152?
1734
What is the greatest common divisor of 570583080 and 1233?
1233
What is the greatest common divisor of 41861 and 1248683?
1021
Calculate the highest common factor of 39504 and 7824.
48
What is the greatest common divisor of 63 and 14388213?
21
What is the greatest common divisor of 1510187 and 146587?
3409
Calculate the highest common factor of 14 and 46566128.
14
What is the highest common factor of 41624 and 7276456?
968
What is the highest common divisor of 780 and 90923300?
260
Calculate the highest common factor of 4001058 and 14742.
18
What is the greatest common divisor of 1348 and 59792562?
674
What is the greatest common divisor of 5565 and 1440715430?
1855
Calculate the highest common divisor of 211633 and 13504.
211
What is the greatest common divisor of 1490 and 47366504?
298
What is the highest common divisor of 213465 and 1049349?
2247
Calculate the highest common factor of 1443040 and 3971470.
3110
What is the highest common divisor of 235327 and 6926063?
1693
Calculate the greatest common factor of 155684591 and 20342.
1453
What is the greatest common factor of 4731805 and 91?
13
Calculate the highest common factor of 14598720 and 407.
37
What is the greatest common factor of 924427 and 263179?
287
Calculate the greatest common divisor of 115446 and 20874.
426
What is the highest common divisor of 92690066 and 392?
98
Calculate the highest common divisor of 2304 and 45725952.
768
Calculate the greatest common divisor of 19504661 and 2035.
407
What is the highest common divisor of 656 and 94792?
328
What is the greatest common factor of 3299707 and 87?
29
Calculate the greatest common divisor of 48620 and 36955620.
4420
Calculate the highest common factor of 1141800 and 141500.
100
What is the highest common divisor of 809 and 46587883?
809
What is the highest common divisor of 569471 and 277?
1
What is the highest common divisor of 128 and 126727136?
32
What is the highest common factor of 280 and 78222780?
20
Calculate the greatest common divisor of 240 and 136762480.
80
Calculate the highest common factor of 4558642 and 9178.
706
What is the greatest common divisor of 166474178 and 52?
26
Calculate the greatest common divisor of 810 and 6115743.
81
What is the greatest common factor of 150548 and 1135820?
244
Calculate the highest common factor of 74371633 and 14.
7
Calculate the greatest common factor of 2016 and 5634496.
224
What is the greatest common factor of 2232 and 12084048?
2232
What is the greatest common divisor of 83700 and 7186482?
1674
Calculate the greatest common factor of 18 and 61501494.
6
What is the highest common divisor of 270 and 13793020?
10
Calculate the highest common factor of 593292 and 5364.
12
Calculate the highest common divisor of 8729905 and 260755.
2155
Calculate the highest common factor of 21024454 and 22.
22
Calculate the highest common divisor of 46605 and 476515.
65
What is the greatest common divisor of 316667400 and 168?
168
Calculate the greatest common divisor of 1131 and 12441.
1131
What is the greatest common divisor of 24801 and 468753072?
3543
Calculate the greatest common divisor of 11630827 and 9425.
377
Calculate the highest common factor of 18208 and 2468322.
1138
What is the highest common factor of 1105 and 174233?
17
What is the highest common divisor of 1646 and 49154498?
1646
What is the highest common factor of 154 and 132435072?
154
What is the highest common divisor of 384350 and 12?
2
What is the highest common factor of 21547 and 23519?
29
What is the highest common divisor of 98489 and 5288?
661
Calculate the highest common factor of 32367496 and 11277.
1253
Calculate the highest common factor of 111380276 and 448.
28
Calculate the highest common divisor of 24 and 232798380.
12
Calculate the greatest common divisor of 60 and 55191160.
20
Calculate the highest common factor of 7128636 and 50964.
372
Calculate the greatest common factor of 86479 and 45910175.
5087
Calculate the highest common divisor of 52460 and 6685640.
860
Calculate the greatest common factor of 21145 and 140153289.
4229
Calculate the greatest common divisor of 44264 and 93852.
44
Calculate the highest common factor of 697676 and 2352.
28
Calculate the highest common divisor of 27960390 and 51840.
810
What is the highest common factor of 225338820 and 1050?
210
Calculate the greatest common divisor of 129214889 and 739.
739
What is the greatest common factor of 1271907 and 15795?
117
What is the highest common factor of 79071300 and 588?
588
What is the highest common divisor of 41720892 and 12?
12
What is the greatest common divisor of 1257521400 and 3144?
3144
What is the highest common divisor of 730758 and 14557620?
5754
What is the greatest common factor of 47748 and 704559?
69
What is the highest common divisor of 17574753 and 12597?
969
Calculate the greatest common divisor of 8802 and 257139.
9
What is the greatest common factor of 195 and 12622285?
65
Calculate the greatest common factor of 602553930 and 660.
330
What is the highest common factor of 1323378 and 201852?
1134
Calculate the greatest common factor of 707919 and 609.
87
Calculate the greatest common factor of 6126748 and 737.
67
What is the highest common divisor of 413 and 92453?
59
What is the highest common divisor of 786390 and 430?
10
What is the highest common divisor of 5805405 and 135?
135
What is the highest common divisor of 412608 and 315?
21
Calculate the highest common divisor of 420177654 and 14292.
7146
What is the greatest common factor of 195 and 7688915?
65
Calculate the highest common divisor of 9580 and 1256896.
1916
Calculate the highest common factor of 33641205 and 11895.
195
What is the greatest common factor of 94691598 and 3791?
3791
What is the greatest common factor of 8481 and 1882011?
771
What is the greatest common divisor of 7302373 and 252603?
1651
What is the greatest common divisor of 435555 and 2295?
45
Calculate the greatest common factor of 